/3*c**3 + 0*c + 0 + 3/8*c**4 - 1/60*c**5. Let x be s(8). What is the highest common divisor of 48 and x?
6
Let o be (-68)/(10/(-30)*(-3)/(-1)). Let f = o + -62. Calculate the highest common divisor of f and 12.
6
Let l = 205 + -184. Calculate the highest common factor of 49 and l.
7
Let x be ((-81)/36)/((12/16)/(-3)). What is the greatest common divisor of x and 33?
3
Let f(c) = -c**2 + 66*c - 1053. Let p be f(37). Suppose 0 = 5*y - 2*b - 29, -y + 6*y + 2*b - 21 = 0. Calculate the highest common factor of y and p.
5
Suppose 5*j = -4*k + 795, 2*j - 2*k = -0*k + 336. Let i = j - 112. Calculate the greatest common divisor of i and 17.
17
Let a = 59 - 29. Let o be ((-40)/10)/((-2)/3). What is the greatest common factor of o and a?
6
Suppose 4*p + 5*o = -p + 350, -5*p - 4*o = -355. Let k = 98 - p. Calculate the highest common divisor of 207 and k.
23
Let m be 2/(-4) - (-12)/(-24). Let i be -25 + 31 - (1 - m). What is the highest common factor of i and 2?
2
Suppose -r - 3*r + 168 = 0. Suppose 5*b = 10, b = 3*x + 2*b - 47. Suppose -4*a + 62 = 3*h, a = -2*a + x. What is the highest common divisor of r and h?
14
Let n(g) = 4*g**3 - 6*g**2 + 3*g + 3. Let s(w) = w**3 - w + 1. Let y(x) = -n(x) + 5*s(x). Let o be y(-7). What is the highest common factor of o and 1?
1
Let i(j) = -j**3 + 8*j**2 + j - 4. Let x be -2*(-5 - -3) - -4. Let g be i(x). Let u be (0 + 35/2)*g. What is the greatest common divisor of 28 and u?
14
Suppose 227 = 48*d - 17*d - 145. Suppose -4*g - 25 = -193. Calculate the greatest common factor of g and d.
6
Suppose 5*l = 3*n - 159, -21*n = -16*n + 3*l - 231. Calculate the highest common factor of n and 36.
12
Let n(v) = 11*v**2 + 7*v + 5. Let c be n(-4). Suppose -510 = -6*z - 9*z. What is the greatest common factor of c and z?
17
Suppose -2*a = y + 2*a - 2, -y + 7 = -a. Let x be (-5 + 7)/(4/y). Let q = -24 + 26. What is the greatest common divisor of q and x?
1
Suppose -3*s + x + 36 = -4*x, 5*s + 2*x - 29 = 0. Let v be 3/s + (-18)/42. Suppose v = -4*g + 27 - 7. Calculate the greatest common divisor of 10 and g.
5
Let p = 359 - 296. What is the highest common divisor of p and 1638?
63
Let d be (4 - (-16)/(-12))*87/2. What is the greatest common factor of d and 174?
58
Let x be 9/54*-4 - (-20)/3. What is the greatest common factor of x and 33?
3
Let b = -642 + 663. Calculate the highest common factor of b and 987.
21
Let f be 7/2 - (-9)/(-18). Let i be ((-2)/f)/(48/(-216)). What is the highest common divisor of 6 and i?
3
Suppose -28*k = 32*k - 5100. What is the greatest common divisor of 697 and k?
17
Suppose 0 = -10*h - h + 77. Suppose 14 = p - h. Calculate the greatest common divisor of p and 7.
7
Let b be (-205)/20 + (-3)/4. Let n = b + 10. Let r(f) = -f. Let k be r(n). What is the highest common divisor of 3 and k?
1
Suppose 82 = 3*q + 3*x - 23, 2*q - 70 = -4*x. Suppose -4*j + 92 = -468. Calculate the highest common factor of j and q.
35
Let f be ((-4)/2 - -13) + 1. Let d be 2/(4*2/f). Calculate the highest common divisor of d and 27.
3
Suppose 3*j = -o + 60, 4*o = 3*j + 6*o - 57. Let t be 1*(-3)/9*0. Suppose 5*g + 4*r = 35, -g - g - 3*r + j = t. What is the greatest common divisor of g and 6?
3
Let m = 19 - -16. Let s be (((-3)/1)/(6/20))/(-2). What is the highest common divisor of m and s?
5
Let b(j) = -j**3 - 6*j**2 + 2*j + 14. Let r be b(-6). Suppose -f + 48 + 36 = -3*q, 0 = f + r*q - 109. What is the highest common divisor of f and 9?
9
Let u be (1 + -78)/((-5)/10). Suppose -y = -2, -t + 3*y - u = 5*y. Let d = -81 - t. Calculate the greatest common divisor of d and 11.
11
Suppose 0*q = -q, 2*m - 36 = 3*q. Let y(l) = -3 + 12*l**2 - 8 - 2*l**3 + 5 - 14*l + l**3. Let r be y(10). Calculate the highest common divisor of r and m.
18
Let a(l) = -275*l**3 - l**2 + 2*l + 3. Let m be a(-1). Suppose 1345 = 2*c + 3*c + 5*o, -c + o = -m. Calculate the greatest common factor of 34 and c.
34
Let l = 53 + 43. Suppose 5*m - l = 2*t, 0 = -2*t - 1 - 5. What is the greatest common divisor of 27 and m?
9
Suppose 5*y - 3*a - 748 = 0, 4*y = 5*a + 50 + 538. What is the highest common divisor of 114 and y?
38
Let z be 7 - 7 - (-12 - -4). Calculate the highest common factor of z and 148.
4
Suppose -31*x + 27*x + 228 = s, 0 = s - 4. What is the greatest common factor of x and 24?
8
Let o(s) = 9*s**2 - 7*s - 71. Let a be o(-5). Let j = -3 - -24. What is the highest common divisor of j and a?
21
Let t = 14 - 2. Suppose 0 = 10*d - 659 - 421. What is the highest common divisor of t and d?
12
Let r be -4 + (2 - 30/(-2)). Suppose -17 + r = -f. What is the greatest common factor of 8 and f?
4
Suppose 4*z = -39 - 17. Let a = -1 + z. Let k = -8 - a. Calculate the greatest common divisor of k and 7.
7
Let l = 8 + 8. Let q(d) = 4*d**2 + 2*d - 10. Let r be q(-5). What is the highest common divisor of r and l?
16
Suppose 0 = -3*p + n + 4, 7 - 13 = -4*p + n. Suppose 221 = p*k - k. What is the highest common factor of 13 and k?
13
Let s be (2 + -1)*13 - (-365)/(-73). Let n = 8 + -2. Let l = n - 4. What is the greatest common divisor of l and s?
2
Let z(y) = 4*y**2 + 2*y - 2. Let p be z(2). Let j(d) = -d + 2*d**2 + 0*d**2 + 1 + 7*d + 9. Let w be j(-8). Calculate the highest common factor of w and p.
18
Let f be (((-415)/3)/(-5))/((-1)/3). Let d = f - -95. What is the highest common divisor of d and 228?
12
Let v be 2/(-10) + (-84)/(-20). Suppose -v*x - 31 + 175 = 0. Calculate the highest common divisor of x and 12.
12
Suppose -20*l + 23*l = -9, 2406 = 3*x - 3*l. Calculate the highest common factor of x and 17.
17
Suppose 5*k = 2*q + 6, -3 = 3*k + q - 0*q. Suppose k*n - 5*n = -340. Let x = 256 + -86. Calculate the highest common factor of x and n.
34
Let o be (-3 - 1/(1/(-8)))*1. Suppose 3*l - 545 = -2*l - o*t, 0 = -l - 3*t + 119. What is the highest common factor of l and 13?
13
Suppose 3*j - 4*j = -3*i + 17, -3*j = 5*i + 65. Let m = -15 - -15. Let w = m - j. What is the greatest common divisor of 4 and w?
4
Suppose 5*f - 3*f + 2*s = 100, 5*s + 25 = 0. What is the greatest common divisor of 770 and f?
55
Suppose 0 = -16*p + 12*p + 384. Calculate the greatest common divisor of p and 224.
32
Let s = -250 - -247. Let a(v) = -3*v**3 - 4*v**2 - 2*v + 2. Let z be a(-2). Let k = s + z. What is the highest common divisor of k and 88?
11
Let o(x) = -6*x + 2. Suppose 4*u - 80 = 4*n, -4*u + 2*n + 80 = -3*n. Let i be 5/(-3)*(23 - u). Let p be o(i). What is the greatest common factor of p and 8?
8
Let y(g) = -5*g**3 - 2*g**2 + 3*g + 4*g**3 + 4 - g**2. Let w be y(-4). Suppose -88 - 8 = -6*r. Calculate the greatest common divisor of w and r.
8
Let a = 2 - 5. Let p be 3 - (3 - 0)/a. Let t be 54*1/8*p. Calculate the highest common divisor of t and 18.
9
Let l(u) = 2*u + 8. Let x be l(4). Suppose g - x = -5. What is the greatest common divisor of g and 1?
1
Let s(i) = -35*i + 422. Let a be s(10). Let h(y) = y**2 + y - 3. Let l be h(-4). Calculate the highest common factor of l and a.
9
Suppose -210 = 9*n - 534. What is the highest common factor of 126 and n?
18
Suppose 5*l - 7*l = -70. Suppose 68 + 36 = 2*o - 4*x, 3*o + 2*x = 132. Let q = o - 32. What is the greatest common factor of l and q?
7
Let i = 5 + -1. Let a be (-108)/6*2/i. Let c = 14 + a. Calculate the greatest common factor of c and 45.
5
Let g(s) = s**2 - 5*s - 3. Let i be g(6). Suppose r + i*r - 48 = 0. Let c be (-8)/((-22)/(-12) - 2). Calculate the greatest common divisor of r and c.
12
Suppose -c + 8 = l - 9, 4*c - 3*l - 47 = 0. Suppose 5*s = u + c, s - 5*u - 19 = 3. Calculate the greatest common factor of 18 and s.
2
Let d(a) = 17*a + 24*a**2 - 9*a**2 - 13*a**2 + 12. Let m be d(-12). Suppose n = 4*n - m. Calculate the highest common divisor of n and 8.
8
Let r = 74 + -65. Let y(z) = -z**2 + 12*z - 17. Let t be y(r). Calculate the highest common divisor of 6 and t.
2
Let u(h) = -7*h + 7. Let k be u(0). Suppose -k*l + 840 = -0*l. Calculate the highest common divisor of 30 and l.
30
Let l = -67 - -54. Let x = -6 - l. Calculate the greatest common divisor of x and 63.
7
Suppose -65*l = -62*l - 30. Suppose -2*y - 6*t + 2*t + 4 = 0, -5*t = l. What is the highest common divisor of 3 and y?
3
Let f(a) = a**2 + 2*a - 94. Let j be f(-20). Calculate the greatest common factor of 14 and j.
14
Let q = -139 + 143. Let y be -2 + (1 - 